(i) = i**3 - i**2 - 7*i - 2. Calculate the remainder when y(d) is divided by j.
15
What is the remainder when 59 is divided by (3/6)/((-1)/(-30))?
14
Let g(k) = -7*k**2 + k**3 + 12*k - 5*k**2 + 8 - 2. What is the remainder when 50 is divided by g(11)?
16
Suppose 0*z - 20 = -z. Let p be ((-2 - -1) + 1)/(-1). Let y = p - -11. Calculate the remainder when z is divided by y.
9
Suppose 3*d = p + 54, 0*d + 5*d - 4*p = 90. Let m be 3/(9/3)*1. Calculate the remainder when m/3 - 416/(-12) is divided by d.
17
Let r = 19 + 4. Calculate the remainder when r is divided by 13.
10
Let p = 13 + -11. Suppose 5*b = p*b + 18. What is the remainder when 17 is divided by b?
5
Let j(w) = 26*w + 2. What is the remainder when 79 is divided by j(1)?
23
Let u be 2/5 + 332/20. Let f be 29*(2 + (-2 - -1)). Let m = f - u. What is the remainder when 34 is divided by m?
10
Let y be 15/6*(-12)/(-10). Suppose 2*o = y + 29. Let z = o - 0. Calculate the remainder when 47 is divided by z.
15
Let u(w) = -w**3 - 15*w**2 - 28*w - 7. Calculate the remainder when 53 is divided by u(-13).
15
Suppose 0 = 3*x + c + 147, -3*x + 6*x = -2*c - 144. Let y = 70 + x. Calculate the remainder when y is divided by 11.
9
Suppose 0 = -r + f - 0*f, 3*r - 2*f = 3. What is the remainder when 6 is divided by r?
0
Suppose -v = -j + 1, -6*j + 7 = -j - 4*v. Suppose j*t = g + 61, -6*t + t = -2*g - 103. Calculate the remainder when 35 is divided by t.
16
Let p(v) = -2*v**3 - 2*v**3 + 2*v**3 + 2*v**2 + v. Let n be p(-1). What is the remainder when 23 is divided by 1/(n*(-1)/(-24))?
7
Let p(q) = -q**2 - 15*q + 9. Let u be p(-7). Suppose 5*b + 2*i + 37 = 102, 5*b = -i + u. What is the remainder when 32 + 3*(-8)/(-6) is divided by b?
10
Let s = -3 + 10. Let d(m) = -m**2 + 7*m + 3. Let o be d(s). Suppose 0 = -3*a - 5*p + 25, -2*a + a + p + o = 0. What is the remainder when 14 is divided by a?
4
Let n(b) = -2*b**3 - 4*b**2 + 3*b. Let r be n(-4). Let p = r + -37. Calculate the remainder when 43 is divided by p.
13
Suppose 0 = p - 0*p - 51. Suppose 36 = y - p. Suppose 5*h - 145 = 3*i, -i + y = 3*h - 2*i. Calculate the remainder when h is divided by 8.
5
Let s = 11 - -7. Calculate the remainder when 88 is divided by s.
16
Let w(t) = -5*t**2 + t + 0 + t**3 - 2 + 4. Suppose 4*u - h = 50, 64 = 5*u + 5*h - 11. What is the remainder when u is divided by w(5)?
6
Let y = -16 - -38. Suppose 4*k + k = 45. Suppose -3*n - 4*z = -24, n - 4*z - k = 15. Calculate the remainder when y is divided by n.
10
Suppose 0 = -4*l + 8*l - 72. Suppose b + l = -0*b. Let z = b + 25. What is the remainder when 20 is divided by z?
6
Let d = 3 + -3. Let c be d + (-1 + 2 - -105). Let l = c - 75. Calculate the remainder when l is divided by 16.
15
Suppose 2*c - 3*r = 29, -8 = -c - r - 1. Let o = -26 + 44. Calculate the remainder when o is divided by c.
8
Suppose 7*g = 9*g - 100. What is the remainder when g is divided by 17?
16
Suppose -21*v = -28*v + 105. Calculate the remainder when v is divided by 9.
6
Suppose -5*d + 0*d = 10, -y = -4*d - 12. Suppose -25 = -y*z + 27. Let a = 24 - -14. What is the remainder when a is divided by z?
12
Suppose 4*j + 3*i - 4 = 0, -5*j + 21 + 7 = -2*i. Let u be 4*1*(-2)/(-2). Calculate the remainder when 8 + -1 - (4 - u) is divided by j.
3
Let w = 12 - 10. Suppose 0 = -2*t - o + 91, -t + 4*o = w*t - 131. Calculate the remainder when t is divided by 12.
9
Suppose -22 = q + 5*g, -10 = -3*q + 5*g + 24. Let p be (-79)/(-3) + q/(-9). Calculate the remainder when (p/(-5))/(3/(-15)) is divided by 9.
8
Let a = -27 - -107. Suppose 3*c + 5*m - 21 = 0, 0*c + 2*c + 5 = 3*m. Suppose c*p - 23 = -5*k + a, 0 = 5*p - 20. What is the remainder when k is divided by 11?
8
Let x = 13 - 4. What is the remainder when 13 is divided by x?
4
Let a(k) = -k + 98. What is the remainder when a(0) is divided by 20?
18
Suppose -l + 93 = 2*z, 3*z + 2*l - 158 = -16. Suppose i = -3*i + z. Let j = 22 + -2. What is the remainder when j is divided by i?
9
Let i(h) = h**3 - 9*h**2 + 18*h - 15. Let s(v) = v**3 - 4*v**2. What is the remainder when s(5) is divided by i(7)?
12
Let v = -1 + 5. Suppose -4*s - v*r + 140 = 0, -2*s + s + 36 = 2*r. Calculate the remainder when s is divided by 18.
16
Calculate the remainder when 21 is divided by 2/4*(6 + 18).
9
Suppose -5*s - t = -385, 0 = -0*s + 2*s - 2*t - 166. Let z(g) = -g**3 - 6*g**2 - 6*g - 9. What is the remainder when s is divided by z(-6)?
24
Let w = 5 + -2. Suppose -4*h = -w*c + 154, c + 3*h - 2*h = 42. Suppose 64 = 5*d - 4*f, 7*d + 2*f - 88 = 2*d. What is the remainder when c is divided by d?
14
Let u be 0*2/(-4)*1. Suppose 2 = 4*n - 3*n. Suppose -n*o = 3*y + 5, 2*y = -4*o - u + 10. What is the remainder when 8 is divided by o?
3
Suppose 2*b + 2 = 0, 0 = 2*y - 7*y + 4*b + 119. Suppose -2*x - 12 = -0*x. What is the remainder when 2/x - 136/(-3) is divided by y?
22
Suppose 2*w - 78 = -w. Let k = w + -18. What is the remainder when 31 is divided by k?
7
Let i = -1 - -11. Suppose 27 = 6*x - 147. Calculate the remainder when x is divided by i.
9
Suppose 3*d - 7 = 5*s, s + 0*s - 9 = -2*d. Suppose -4*h = -h + 3*x - 66, d*x = 12. What is the remainder when 35 is divided by h?
16
Suppose -51 = -3*m - 162. Calculate the remainder when (3 + 3)/(-3) - m is divided by 18.
17
Let p(v) = -v - 188. Let l(r) = r + 189. Let y(z) = 6*l(z) + 5*p(z). Let g be y(0). Suppose 5*c - 36 = g. What is the remainder when c is divided by 12?
10
Let r(w) = -2*w**2 - 33*w + 10. Let a(y) = -y**3 - y**2 - 7*y - 6. Let j be a(-4). Suppose 6*f - j = f. Calculate the remainder when r(-16) is divided by f.
12
Let q = -11 - -23. Calculate the remainder when 46 is divided by q.
10
Let s = 77 + -73. What is the remainder when 9 is divided by s?
1
Suppose 0 = 4*r - c + 2*c - 25, 0 = -3*r + 3*c + 15. Calculate the remainder when r/(-27) + 47/9 is divided by 2.
1
Let f(v) = v**2 - 4*v - 3. Let r be f(5). Suppose 5 = c + 3*o + 24, 4*c = r*o - 20. What is the remainder when (1/(-3))/(c/189) is divided by 5?
4
Let u(f) = 14*f - 13. What is the remainder when u(4) is divided by 15?
13
Suppose -24 = 5*d - 7*d. Calculate the remainder when 46 is divided by d.
10
Let s(r) = r + 15. What is the remainder when 15 is divided by s(-7)?
7
Suppose 5*y + n = -23, y + y + 20 = -4*n. Let g(j) = j**2 + 6*j + 4. Let a be g(y). Calculate the remainder when 28 is divided by 20/7*(-14)/a.
8
Let s = 67 - 50. What is the remainder when 66 is divided by s?
15
Let r(h) = 3*h - h**3 - 4*h**2 + 4*h**2 + 4. Let c be r(-4). Suppose 4*q + 2*m - c = 0, -7 = -q + 4*m + 7. Calculate the remainder when q is divided by 5.
4
Let i = 205 + -128. What is the remainder when i is divided by 26?
25
Let j(q) = q**3 - 10*q**2 + 4*q + 14. Calculate the remainder when j(10) is divided by 19.
16
Suppose -2*f + 2*g = 2, -2*f + 4*f - 3*g = -6. Suppose f*j + 11 = 41. Calculate the remainder when j is divided by ((-3)/4)/((-2)/16).
4
Let a = -17 - -20. Suppose -a = 2*w - 3*f, 2*w + f + 0*f - 17 = 0. Calculate the remainder when 22 is divided by w.
4
Suppose 3*q = -0*q + 9. Let d be 7 - q/((-3)/2). Suppose -5*k = -d - 1. What is the remainder when 3 is divided by k?
1
Let n = 29 + 25. Let a = 11 - -3. Calculate the remainder when n is divided by a.
12
Suppose -3*m = -0*m - 3. Let r(x) = x**3 + 14*x**2 - 10*x - 17. Let j be r(-15). What is the remainder when m + j/(2 + -4) is divided by 16?
15
Let s(n) = 3*n - 33. What is the remainder when 375 is divided by s(25)?
39
What is the remainder when (41/1)/(1/2) is divided by 28?
26
Suppose 0*g = -g + 19. Let v = g - 10. What is the remainder when v is divided by 6?
3
Let x(r) = -r**3 - 2*r**2 - 5*r + 10. Let c be x(-7). Suppose 0 = -5*l - 3*y + c, 0 = -5*l + 2*y + 193 + 122. Calculate the remainder when l is divided by 21.
19
Suppose -y + l = -0*l - 18, 5*l = 2*y - 24. What is the remainder when y is divided by ((-12)/9)/((-4)/18)?
4
Suppose 7*w - 12 = 3*w. Calculate the remainder when 5 is divided by w.
2
Let h be (-16)/40 + (-36)/10. Let x(t) = 2*t**2 + 4*t - 3. What is the remainder when (0 - 19)*(-6)/3 is divided by x(h)?
12
Let f(x) be the first derivative of 2*x**2 + 2*x + 2. What is the remainder when f(5) is divided by 8?
6
Suppose 7*f = f + 108. Calculate the remainder when (6/4)/((-6)/(-140)) is divided by f.
17
Calculate the remainder wh